
Suppose -108*g + 4*y - 147205 = -113*g, 0 = -4*g + y + 117764. Is g prime?
False
Let j(q) = -55776*q + 16. Let o be j(-2). Suppose 24*z - 40*z = -o. Is z prime?
False
Is 1102/58 + 322648 + 2 a composite number?
False
Let l(r) = 14 - 109 + 1490*r + 14 - 36. Is l(7) composite?
False
Suppose -4 - 2 = -3*m. Let z be (0/(-3) - -1)*m. Is (-6)/15 - ((-834)/5)/z a composite number?
False
Suppose 561*a - 556*a - 115875 = -5*u, 0 = 2*a + 16. Is u composite?
True
Suppose 4*y - 5*a - 50 = -8*a, -y - 5*a + 4 = 0. Suppose -y + 12 = c. Is ((-1986)/24)/(c/(-8)*-1) a prime number?
True
Let m(i) = 2*i**3 - i**2 + 7. Let c be m(3). Let q = 54 - c. Suppose 5*a - 3839 = -3*b, 0 = -3*b + 2*b - q. Is a a prime number?
True
Let r = -236 - -151. Let m = r + 166. Suppose l + a - 31 = 0, 4*l - 18 = a + m. Is l prime?
False
Let h be (-1558)/(-22) - (-9)/(-99)*-2. Suppose -k + 558 = -h. Is k composite?
True
Let c(j) = j + 35. Let h be c(-17). Let f(t) = 12*t + 9*t**2 + 5 + 2*t + h*t**2 - 12. Is f(12) a prime number?
True
Let v = 306 - 97. Suppose 5 = -3*f + v. Is 5165/4 + (-17)/f a prime number?
True
Suppose 46 + 26 = 9*d. Suppose 11*g - d*g = -11211. Let f = -798 - g. Is f prime?
True
Suppose -t - 2*t = -3*s - 15, 0 = -4*t - 2*s - 10. Suppose t = -2*q - 2*g + 1636, 4*q + 2*g + 3*g - 3272 = 0. Is q prime?
False
Let s(p) be the second derivative of -19*p**5/24 - p**4/24 + 5*p**3/6 + 25*p. Let u(l) be the second derivative of s(l). Is u(-4) composite?
False
Let p be (34 + 0)/(-4 + 1452/362). Suppose -2*k + p = -x + 995, x - 1044 = -k. Is k a composite number?
True
Let n = -238 - -138. Let k = n + 125. Suppose k*m + 2355 = 28*m. Is m a composite number?
True
Let l(t) = t - 1. Let j be l(4). Suppose 5*a + 4986 = v, 4*v - 2*a = j*v + 4998. Suppose h = -2*k + 2921, 2292 = 5*k + h - v. Is k a composite number?
False
Suppose 4*f - 5*d + 5078 + 27725 = 0, -3*f = d + 24607. Let s = f - -22031. Is s composite?
False
Suppose 0 = -4*s + 6*s - 10, 5*w = 4*s + 5. Suppose w*o - u = -2*u + 11959, 3*u = 3*o - 7179. Suppose -o - 2147 = -3*x. Is x prime?
False
Suppose 4*o + 266*t - 313556 = 269*t, 4*t + 235153 = 3*o. Is o composite?
True
Let f(n) = -199*n - 3. Let g(b) = -398*b - 5. Let m(k) = 9*f(k) - 4*g(k). Is m(-2) a prime number?
False
Suppose -5*v - 5*u + 45 = 0, -v - v + 27 = -u. Suppose -5*h + h = -v. Suppose 3*o - 108 = -h*j, 0 = -o + 6*j - 3*j + 40. Is o composite?
False
Suppose 0 = 2*z + 5*r - 470759, 3*z + 9*r - 706155 = 7*r. Is z prime?
False
Let i be (-5 - (1 - 2))*6/(-8). Suppose -i*y - 4252 = -5*d, 3*d + 2*y - 4257 = -2*d. Is d composite?
True
Suppose -4*k = -2*b - 8991798, 41*b = -k + 39*b + 2247967. Is k a composite number?
False
Suppose 69*g + 3*d = 65*g + 53465, -13365 = -g - 2*d. Is g a composite number?
False
Let q(d) = 2*d**3 + 15*d**2 - 38*d + 8. Suppose 0 = -4*r - g - 80, -2*g = -5*g. Let c = 27 + r. Is q(c) composite?
False
Suppose -5*a = y - 24492, 2*y - 1191*a = -1190*a + 49061. Is y prime?
True
Suppose x + 164 = -5*b, 2*b + 48 = -3*x + 7*x. Is (-3)/24 - 6500/b composite?
True
Let d(q) be the second derivative of q**5/10 + q**4/2 + 7*q**3/3 + 11*q**2 + 4*q. Let j be d(9). Suppose -j = -2*c - 518. Is c composite?
False
Let i = -113 - -119. Let c(u) = -2*u**2 + 18*u + 8. Let j(v) = -v. Let r(z) = c(z) + 5*j(z). Is r(i) prime?
False
Let y(z) = 112021*z - 982. Is y(5) a prime number?
True
Let w be (-27)/(-9) + (1 - -2392). Let k = w - 559. Is k composite?
True
Let z(l) = -232432*l + 183. Is z(-1) prime?
False
Is (2350632/48)/((-5)/10 + 1) a composite number?
False
Let l = 626049 - 56758. Is l a prime number?
False
Let v = 4921 + 78120. Is v a prime number?
False
Is 14 + 11/(-1) - -110804 a prime number?
True
Suppose 54*v - 6974 = 43*v. Let g be 1 + -1 + 0 - -2. Suppose -2*j - 619 = -2*f - 3*j, g*f + 4*j = v. Is f a composite number?
False
Let u(y) = 16*y + 2*y**2 - 16*y**2 + 41*y**2 - y**3 - 29. Is u(22) composite?
True
Suppose 2*j + 8906 = 2*o, 5*o = -65*j + 63*j - 8927. Let a = 2971 - j. Is a prime?
False
Let r(a) = a**3 - 16*a**2 + 26*a + 4. Let s be r(14). Is 15681 + s - 4/(-2) a prime number?
False
Let m = -15273 - -79096. Is m prime?
True
Let j(a) = -1334*a**3 + 4*a + 6. Let s be j(-2). Is (-2)/((-9)/(-45) + (-2154)/s) a composite number?
True
Let j(k) = -2*k + 10. Let x be j(3). Let r(a) = -3*a + 3. Let t be r(x). Is 2/3*7/(-6)*t a composite number?
False
Is (-3450)/(-13662) + (-4)/11 + 2527534/9 a composite number?
False
Let p be -22 - (8/(-4) - 6). Let m(n) = -15*n - 55. Is m(p) prime?
False
Let x be (-1010)/(-25) - 2/5. Is ((-26570)/x)/(4/(-32)) prime?
False
Let k = -935961 + 1612332. Is k a composite number?
True
Let z(h) = 1001*h + 16. Suppose 2*o - 2*c + 4 = -0*c, -2*o - 12 = -4*c. Suppose -4*g = 4*w - 2*g - 2, -25 = -5*w + o*g. Is z(w) prime?
True
Is (-35776972)/(-56)*12/66 prime?
True
Let l(c) = -5*c**2 - 8*c. Let f be l(-3). Is (-14)/f*(-34305)/(-10) prime?
True
Let a(t) = -t**3 - 6*t**2 + t + 13. Let q be a(-6). Suppose -3*n = -q*n + 20. Suppose -n*v = 2*w - 7611, 0*v + v - 1525 = w. Is v a prime number?
True
Let x(i) be the first derivative of -5*i**2/2 + 3*i - 8. Let n be x(0). Suppose t = -4*y - n*t + 3248, 0 = 2*y - 5*t - 1589. Is y prime?
False
Is (-2 + (-888594)/(-28))/(3/6) a composite number?
False
Let q(r) be the third derivative of -r**6/120 + 23*r**5/60 + r**4/24 - 3*r**3/2 + 32*r**2. Let l be q(23). Suppose -6038 = l*h - 16*h. Is h a prime number?
True
Suppose -535 = -5*u - 0*u + 2*h, -4*u - h = -415. Suppose 3*t + u = -j, -2*t + 2*j - 75 = 3. Is (-4)/18 + -3 + (-872)/t a composite number?
True
Let d(n) = -1661*n + 3319. Is d(-12) a composite number?
False
Is (-3*2789)/(207/(-759)) prime?
False
Let b = 448 - 444. Suppose -m + 1491 + 352 = -2*q, -3*m + 5549 = b*q. Is m a prime number?
True
Suppose -x - 2*x = -12. Let p be x/(-5) + (-46048)/(-10). Suppose -p = -4*w - 0*w. Is w a prime number?
True
Suppose 1674*q + 5888 = 1672*q. Suppose 5*z - 4*n = 7633 + 18262, -n - 10355 = -2*z. Let v = q + z. Is v composite?
True
Let h be (-1 - (-2)/4)/(13/(-104)). Suppose z + 7747 = h*z + o, 0 = 3*o - 12. Is z a composite number?
True
Let m(i) = -i**3 - 12*i**2 + 2*i + 29. Let s be m(-12). Suppose a + 5*c - 23 = 0, a - 36 = 3*c - s. Suppose 3*v + 75 = 6*v + 3*h, -v - 2*h = -a. Is v prime?
False
Suppose 250*r - 462264269 = 9*r. Is r a composite number?
True
Let u be (-763)/(-8 + -8 + 15). Let y = u - -31. Is y a composite number?
True
Suppose -2*t + 3*p = -19, -38*p + 33*p = -25. Is 62609/t + -9*(-2)/153 a composite number?
True
Suppose 0 = -66*c + 71*c + 18810. Let q = -2425 - c. Is q prime?
False
Suppose 308225 = x - 3*t, 25*x + 2*t - 1232844 = 21*x. Is x a prime number?
True
Suppose 137*n = -138*n + 296*n - 4993863. Is n prime?
False
Let j(o) = -o**2 - 3*o + 18. Let g be j(-6). Suppose 5*v - 8840 = -4*h, 2*h + 2*v - 2929 - 1493 = g. Is h a prime number?
False
Let b be 2 - (-10)/(-5)*-1. Suppose 2*n + n + 6 = 0, -4 = -b*l + 2*n. Suppose l = -5*d + 5*c + 3788 + 2532, -c = 4*d - 5031. Is d composite?
False
Let d be 19*(-6 + (-16)/(-4)) - 2. Let u = d + 22. Let v(t) = -42*t + 35. Is v(u) prime?
False
Let y be -4*-6*1/8. Suppose -4*k = -y*z - 4 - 0, 2*z = -2*k + 16. Suppose -5*o - k*c = -6*c - 1859, 0 = 3*o - 2*c - 1117. Is o composite?
True
Suppose -3*u + 2471688 = -5*h, 18*h - 13*h + 1647792 = 2*u. Is u/(-216)*(1 - 4) a prime number?
True
Let c(j) = 9415*j + 104. Is c(3) prime?
True
Let b = -41719 + -34898. Is ((-8)/(-12))/((-6)/b) composite?
False
Let r = -1102137 - -1720390. Is r prime?
True
Let l = -6938 - -7999. Is l a prime number?
True
Let i(r) = r**2 - 29*r - 55. Let u be i(31). Suppose -u*s + 29305 = -16944. Is s composite?
False
Suppose f = 3*z + 2186, 2*z + 1440 = -2*f - 12. Suppose -r - 454 = -3*h + 21, 0 = -4*h. Let x = r - z. Is x composite?
True
Let x = 4 - 2. Suppose 6*z = x*g + z + 711, 5*g + 1766 = z. Let j = g - -555. Is j composite?
True
Suppose -80*p + 77*p + 1301992 = -5*j, 0 = -2*p + j + 868011. Is p a prime number?
True
Suppose -2*s + 2960 = -3*a, 5*a = -5*s + s + 5898. Suppose 0 = q - 7*q. Suppose -8*g + g + s = q. Is g a composite number?
False
Let b be (-1 - -4) + (9 - 6 - 2). Suppose b*l - 19991 = 3*k + 2*k, 1 = k. Is l composite?
False
Let q = -68854 + 154833. Is q composite?
True
Let n(u) = -u**3 - u - 1. Let t(b) = b + 